5*i + 12. Let q(n) = 2*n**3 + 9*n**2 + 14*n - 12. Let c(u) = -3*m(u) - 4*q(u). Determine c(d).
2
Let z(o) = -o**2 + 10*o - 2. Suppose -2*q = b - 6, 14 = -0*b + 2*b + 3*q. Calculate z(b).
-2
Suppose -5*s + 5*w - 4*w + 3 = 0, s + 3*w - 7 = 0. Let v(i) be the first derivative of 0*i + 1/3*i**3 + 3 + 1/2*i**2. Calculate v(s).
2
Let t(b) = -3*b - 3. Suppose -7*y + 72 = 44. Determine t(y).
-15
Suppose -4*m = -6*m - 28. Let k be 1370/(-70) - (-6)/m. Let v = 22 + k. Let r(t) = 2*t**2 - t + 1. Calculate r(v).
7
Let l(a) be the third derivative of -a**5/60 - 5*a**4/24 - 4*a**3/3 + 22*a**2. Let c(h) = 5*h**2 + 19*h + 33. Let p(w) = 2*c(w) + 9*l(w). Calculate p(8).
2
Let b = 428 + -422. Let l(x) = x**2 - 7*x + 12. Calculate l(b).
6
Suppose 23*z = 45*z + 88. Let j(y) = -y - 7. Determine j(z).
-3
Let p(t) be the first derivative of -29 + 1/3*t**3 + 0*t - t**2 + 1/4*t**4. Calculate p(-2).
0
Suppose -4*n - 89 = -3*d, 0*d + 4*d - 152 = -3*n. Suppose 4*m - 2*m - 2 = 0. Let l(v) = m + 4 - v**2 + d*v - 41*v. Give l(-7).
-2
Let w(p) be the second derivative of -p**4/12 + 4*p**3/3 - 3*p**2/2 - 2*p. Calculate w(7).
4
Let v be 1/((0 - 1)/(-1)). Let n = v + 3. Let x(q) = -107*q - 101*q + 310*q - 101*q - 4. What is x(n)?
0
Suppose -8*m = -10*m + 10. Suppose -7 - 8 = -m*v. Let k(l) = 1 + v*l - l + 2*l - 5*l. Give k(4).
-3
Let l(j) = -7*j**3 + 14*j**2 + 13*j - 15. Let v(x) = 3*x**3 - 7*x**2 - 7*x + 8. Suppose 0 = -3*h, h + h + 6 = -3*t. Let q(a) = t*l(a) - 5*v(a). Give q(8).
-2
Let o be 0*1/(-11) - (-8)/2. Let i(g) = -2*g + 2. Calculate i(o).
-6
Let l(d) = 2*d**2 + 44*d + 46. Let g(k) = k**2 + 29*k + 31. Let r(u) = -7*g(u) + 5*l(u). Let h(i) = i**2 + 4*i + 3. Let t(z) = -9*h(z) + 2*r(z). Give t(-1).
-2
Let x(d) be the first derivative of d**5/60 - d**4/6 - 2*d**3 + 21. Let h(o) be the third derivative of x(o). Calculate h(4).
4
Let d(w) = -w**3 + 5*w**2 - w + 4. Let p = -295 - -300. Calculate d(p).
-1
Suppose -118*l = -116*l - 4. Suppose -4 = 2*h - q - 0, 2*h - 2 = -l*q. Let z(m) = -3*m**2 + 2 - 1 + 7*m**2. What is z(h)?
5
Let m(i) = i**2 + i. Let w(k) be the second derivative of -7*k**4/12 - 17*k**3/6 - 7*k**2 + 21*k. Let d(s) = 6*m(s) + w(s). Give d(-10).
-4
Let a(b) be the second derivative of b**2 + 0 - 10*b - 1/6*b**3. Let t(y) = 4*y + 1. Let h be t(1). Determine a(h).
-3
Let s(u) = u**3 - 4*u**2 + 3*u - 7. Let q be ((-1)/(-3))/(5/60). Let l be s(q). Let h(p) = p + p - l*p. What is h(4)?
-12
Let j(d) = -d**2 - 6*d - 4. Let p be j(-3). Let o(q) = 10 + 12 + 3 - 7*q - 28. Let r(h) = -3*h - 1. Let k(i) = -2*o(i) + 5*r(i). What is k(p)?
-4
Let w(p) = -2 - 2*p + 0 + 3*p - 2*p. Let g be ((-12)/16)/(1/12). Determine w(g).
7
Let p(u) be the second derivative of -u**5/20 - u**4/4 + 5*u**3/6 + 3*u**2/2 + 63*u. Calculate p(-3).
-12
Suppose 12*t + 32 = 104. Let k(u) = -u**3 + 6*u**2 - u. Determine k(t).
-6
Let y(h) be the first derivative of h**4/2 - 2*h**3/3 - h**2 + 67. Let z(f) = f + 8. Let t be z(-6). Give y(t).
4
Let c(f) = -f**2 + 6*f + 12. Let i(u) = -u**2 + 40*u - 197. Let b be i(34). Determine c(b).
5
Suppose -12 = 4*d, h = d + 12 - 6. Let y(z) = 4 + 3 - h - 5 + z**2. Calculate y(0).
-1
Let t(f) = -24*f**2 - 9*f - 2*f**2 - 8 + 24*f**2. Determine t(-6).
-26
Let f(d) = -d**3 - 1. Let k = 15 + -10. Let y = k + -5. Determine f(y).
-1
Suppose 0 = -5*z + 3*o + 10, -5*z - o = -18 - 12. Let f = 4 - z. Let r(m) be the first derivative of 3*m**4 + 194. Determine r(f).
-12
Let b(v) = v**3 + 7*v**2 + 5*v - 4. Let q(c) = 9*c + 1. Let l(h) = -h**2 - h + 1. Let k(r) = -2*l(r) + q(r). Let w be k(-5). Calculate b(w).
2
Let f(m) = -942*m - 2 - 151*m**3 + 150*m**3 + 939*m + 4*m**2. Suppose -3*t - 4*w - 19 = -4*t, -3*w - 18 = -2*t. Give f(t).
-2
Let b(p) = -37*p + 9. Let c be b(0). Let r(j) = -j**3 + 9*j**2 + 2*j - 12. What is r(c)?
6
Let f(o) = -o**3 + 7*o**2 + 3. Let m be 1*2 + (-3)/1. Suppose -2*v + 4*v = -4. Let j(r) = r**3 - r**2 + r. Let n(a) = m*f(a) + v*j(a). What is n(-5)?
7
Let s(c) be the second derivative of -1/6*c**3 + 1/2*c**2 + 2*c + 0. Determine s(1).
0
Suppose 4198 = -3*d + 4210. Let w(a) = -a**3 + 5*a**2 - 2*a + 5. Give w(d).
13
Suppose 8 = 4*o - 0. Let t(n) = -2*n - 4 + 0 - o*n + 2 - 2*n**2. Calculate t(-3).
-8
Let k = -94 + 96. Let j(x) = 278*x**3 - 277*x**3 - k + 3*x + 1 - 2*x**2. Determine j(3).
17
Suppose 0 = -3*c + u + 4*u - 4, u - 2 = 0. Suppose 2*h - c*m = -4*m + 16, -2*h + 21 = 3*m. Let n(f) = f + 2. Determine n(h).
5
Let m be (-6)/(-4) - 35/(-2). Suppose 5*y + 21 = 5*o - m, o + 12 = -3*y. Let c(u) = -6*u - u**2 - 5 + 2*u**2 - 2*u**2. What is c(y)?
0
Let v(k) = 2*k + 8 + 3667*k**3 - 3666*k**3 - k + 6*k**2. Give v(-6).
2
Let b(o) = -4 - 6*o + 8 + o**2 - 2*o**2 - 3*o. Suppose 80 = 5*a - 13*a. Give b(a).
-6
Let u(m) = m - 1. Let d(f) = 2 + 0 + 9. Let z(v) = d(v) - 2*u(v). Calculate z(9).
-5
Let b(j) be the first derivative of 3*j**2 - 4*j - 1/3*j**3 + 5. Calculate b(4).
4
Let x = -773 + 759. Let r(i) = -i - 21. What is r(x)?
-7
Let j(y) = 4*y + 13. Let q(d) = -2*d**3 - 5*d**2 + 2*d - 6. Let p be q(-3). Give j(p).
1
Let r(a) be the first derivative of a**4/12 + 2*a**3/3 + a**2/2 - 33*a - 11. Let t(v) be the first derivative of r(v). Suppose s + 4*s + 15 = 0. Determine t(s).
-2
Let p(c) be the second derivative of 1/6*c**3 + 0 - 9*c - 1/2*c**2. Calculate p(4).
3
Let u be ((-2)/(-14)*4)/((-34)/(-119)). Let q(j) = 2*j + 1 + 77*j**2 + 0*j - 74*j**2 + u*j**3. Let f be (0 + -3)/((-6)/(-4)). Determine q(f).
-7
Let c(y) = -2*y + 13. Let b be c(-6). Let h(r) = r**3 - 25*r**2 - 2*r + 56. Let d be h(b). Let t(w) = -1 + 2*w - 2 + 0. Give t(d).
9
Let c(x) = x**2 + 50*x + 577. Let r be c(-32). Let g(a) = -8*a - 5. Give g(r).
-13
Let j(q) = 37*q + 41*q + 40*q - 114*q + 36 - 1. Determine j(-11).
-9
Let u(d) be the third derivative of d**6/60 - d**5/20 + d**4/12 - d**3/2 - 26*d**2. Let f(p) = -3*p - 1. Suppose 0 + 2 = -2*q. Let l be f(q). What is u(l)?
5
Let y = 6 - 2. Suppose -2*l = -0*l + y. Let o(x) = x + 2. Let p be o(l). Let g(t) = -t**3 - t + 2. Determine g(p).
2
Suppose 3*j + 3*n = -36, 29*n = 30*n + 3. Let w(l) = -l**3 - 9*l**2 + 2*l + 17. Calculate w(j).
-1
Let g(n) = -30*n**2 - 11*n**2 - 9*n - 5 + 40*n**2. Calculate g(-7).
9
Suppose 7*t = 4*t. Suppose 15 = -0*k + 3*k. Let x(u) = t - k*u**2 - 61*u**3 - u + 62*u**3 + 2. Calculate x(5).
-3
Let z(y) = y**3 - 7*y**2 + 1. Suppose 0*h - 3*h + 9 = 0. Suppose -2*w - h*w = -20. Suppose w*q = q + 21. Give z(q).
1
Let v(l) be the third derivative of l**5/60 + l**4/4 + 3*l**2 - 9*l. Let o(h) = h**2 - 7*h + 5. Let a be o(5). Calculate v(a).
-5
Let l(w) = w**3 - 12*w**2 + 20*w + 7. Let h be l(10). Let d(a) = -a**3 + 8*a**2 - 10*a + 9. What is d(h)?
-12
Let g(v) = -3*v**2 - 33*v - 51. Let c be g(-9). Let p(o) = -17*o - 5. Let h(d) = 9*d + 3. Let j(i) = 11*h(i) + 6*p(i). Give j(c).
-6
Suppose 0*z + 4*x - 9 = -z, -14 = -2*z - 4*x. Let y = -10 + z. Let t(v) = v**2 + 9*v + 1. Give t(y).
-19
Let y(t) = t - 2. Let b(c) = 15*c**2 + c**3 - c**2 - 7*c**2 + 9*c**2. Let x be b(-16). Calculate y(x).
-2
Let n(g) be the second derivative of -g**5/20 + g**4/4 + 2*g**3/3 - 3*g**2/2 + g. Let s(i) = 5*i**2 - 53*i + 108. Let v be s(8). Give n(v).
-3
Let u(p) = p - 4. Let o be (-4 - -2) + (22 - 12). Calculate u(o).
4
Let v be 9/(-6)*(-8)/(-6). Let r be (v - (-6)/2)/1. Let q(w) = -r + 1 - w + 0. What is q(-5)?
5
Let c(p) be the second derivative of p**5/20 + p**4/12 + p**3/2 - p**2/2 - 4*p. Let m(a) = -a. Let l(t) = c(t) + 5*m(t). Determine l(-2).
-1
Suppose -5*l = -0*l - 15. Let r(u) = 2*u**3 + 6*u**3 - u - 9*u**l + 1 + 6*u**2. Suppose 3*i - 28 = -5*h, 4*i - 19 = 5*h - 5. Determine r(i).
-5
Let y(c) be the third derivative of c**4/24 - c**3 + 30*c**2 - 2. Determine y(8).
2
Let u be 145/4 + (-3)/12. Suppose -10*d = -6*d + 5*p - 52, 0 = 4*d - 4*p - 16. Let m be d/3*u/(-16). Let r(y) = -y**3 - 7*y**2 - 6*y + 4. Determine r(m).
4
Let z(f) = -6*f + 1. Let w(k) be the first derivative of -k**2/2 + 8. Let t(c) = -33*w(c) + 6*z(c). Give t(4).
-6
Let l(v) = 3*v + 5. Let d(n) = -4 + 6 - 4*n - 5 - 3. Let f(w) = 2*d(w) + 3*l(w). Suppose -3*t = -a + 16, -3*t + 3*a = -7*t - 30. Calculate f(t).
-3
Let a(m) = 1 - 4*m - m**3 - 89*m**2 + 2 + 47*m**2 - 1 + 44*m**2. Determine a(3).
-19
Suppose 20 + 10 = 3*i. Let z = -14 + i. Let y(a) = 1 - 2*a - 15 - 11 + 26 - a**2. What is